 when 171209 is divided by 9.
2
What is the remainder when 2746 is divided by 102?
94
Calculate the remainder when 271585 is divided by 1113.
13
What is the remainder when 7396 is divided by 308?
4
Calculate the remainder when 10924 is divided by 512.
172
Calculate the remainder when 911903 is divided by 1100.
3
What is the remainder when 6311 is divided by 81?
74
What is the remainder when 14899 is divided by 75?
49
What is the remainder when 379811 is divided by 62?
61
What is the remainder when 29118 is divided by 267?
15
What is the remainder when 1012756 is divided by 40?
36
Calculate the remainder when 7475 is divided by 32.
19
Calculate the remainder when 13339 is divided by 81.
55
What is the remainder when 4188 is divided by 1008?
156
What is the remainder when 804 is divided by 203?
195
Calculate the remainder when 759 is divided by 263.
233
Calculate the remainder when 2825 is divided by 7.
4
What is the remainder when 228155 is divided by 22?
15
What is the remainder when 6309 is divided by 166?
1
Calculate the remainder when 151680 is divided by 464.
416
Calculate the remainder when 829474 is divided by 122.
118
Calculate the remainder when 2767999 is divided by 343.
332
Calculate the remainder when 24875 is divided by 15.
5
Calculate the remainder when 34971 is divided by 32.
27
What is the remainder when 191194 is divided by 12?
10
Calculate the remainder when 2951 is divided by 559.
156
Calculate the remainder when 22438 is divided by 22429.
9
What is the remainder when 91976 is divided by 1373?
1358
What is the remainder when 2594 is divided by 12?
2
Calculate the remainder when 27892 is divided by 754.
748
Calculate the remainder when 4599381 is divided by 1733.
1732
Calculate the remainder when 10709 is divided by 153.
152
Calculate the remainder when 44674 is divided by 89.
85
What is the remainder when 235 is divided by 187?
48
What is the remainder when 50967 is divided by 4?
3
Calculate the remainder when 32305 is divided by 26.
13
Calculate the remainder when 1334 is divided by 36.
2
Calculate the remainder when 32140 is divided by 79.
66
What is the remainder when 1533 is divided by 283?
118
What is the remainder when 1312003 is divided by 1312?
3
What is the remainder when 3471 is divided by 28?
27
Calculate the remainder when 783 is divided by 417.
366
What is the remainder when 2802 is divided by 134?
122
Calculate the remainder when 5328 is divided by 21.
15
Calculate the remainder when 38986 is divided by 18.
16
What is the remainder when 106121 is divided by 25?
21
Calculate the remainder when 27162 is divided by 63.
9
What is the remainder when 7830 is divided by 1780?
710
What is the remainder when 48353 is divided by 5?
3
Calculate the remainder when 375868 is divided by 374.
372
Calculate the remainder when 53334 is divided by 38.
20
What is the remainder when 4815 is divided by 156?
135
What is the remainder when 4341 is divided by 716?
45
What is the remainder when 3561 is divided by 588?
33
What is the remainder when 32989 is divided by 276?
145
Calculate the remainder when 20919 is divided by 455.
444
Calculate the remainder when 56605 is divided by 7075.
5
What is the remainder when 1157879 is divided by 24?
23
Calculate the remainder when 1062 is divided by 179.
167
What is the remainder when 68192 is divided by 477?
458
Calculate the remainder when 121592 is divided by 1076.
4
What is the remainder when 12284 is divided by 19?
10
Calculate the remainder when 1639 is divided by 162.
19
Calculate the remainder when 5601 is divided by 377.
323
What is the remainder when 19480 is divided by 201?
184
What is the remainder when 4327 is divided by 1?
0
What is the remainder when 303942 is divided by 135?
57
Calculate the remainder when 33036 is divided by 485.
56
Calculate the remainder when 43338 is divided by 78.
48
Calculate the remainder when 4278 is divided by 345.
138
Calculate the remainder when 256585 is divided by 1106.
1099
Calculate the remainder when 79681 is divided by 233.
228
Calculate the remainder when 11063 is divided by 4.
3
What is the remainder when 6491 is divided by 224?
219
What is the remainder when 1262 is divided by 53?
43
Calculate the remainder when 56488 is divided by 35.
33
Calculate the remainder when 1092 is divided by 331.
99
What is the remainder when 127439 is divided by 135?
134
Calculate the remainder when 3903425 is divided by 24.
17
Calculate the remainder when 2307 is divided by 45.
12
What is the remainder when 23070 is divided by 30?
0
Calculate the remainder when 134464 is divided by 27.
4
Calculate the remainder when 13119 is divided by 4301.
216
What is the remainder when 23479 is divided by 11605?
269
What is the remainder when 2415 is divided by 62?
59
What is the remainder when 5980 is divided by 5776?
204
What is the remainder when 1880 is divided by 617?
29
Calculate the remainder when 3544 is divided by 197.
195
Calculate the remainder when 4135 is divided by 69.
64
Calculate the remainder when 986 is divided by 334.
318
What is the remainder when 3673077 is divided by 380?
377
Calculate the remainder when 68347 is divided by 234.
19
What is the remainder when 974 is divided by 436?
102
Calculate the remainder when 13419 is divided by 1481.
90
Calculate the remainder when 475900 is divided by 14.
12
What is the remainder when 122030 is divided by 164?
14
Calculate the remainder when 6387 is divided by 68.
63
What is the remainder when 375477 is divided by 298?
295
What is the remainder when 14735 is divided by 1?
0
What is the remainder when 2593 is divided by 375?
343
What is the remainder when 52796 is divided by 1955?
11
What is the remainder when 7518 is divided by 377?
355
Calculate the remainder when 115690 is divided by 40.
10
What is the remainder when 16156 is divided by 31?
5
What is the remainder when 32544 is divided by 10?
4
What is the remainder when 14474 is divided by 689?
5
What is the remainder when 136634 is divided by 9?
5
What is the remainder when 1519 is divided by 153?
142
Calculate the remainder when 33726 is divided by 8.
6
What is the remainder when 365847 is divided by 29?
12
What is the remainder when 4688 is divided by 149?
69
Calculate the remainder when 3436 is divided by 1064.
244
Calculate the remainder when 1950 is divided by 42.
18
What is the remainder when 99143 is divided by 8?
7
What is the remainder when 138405 is divided by 6?
3
Calculate the remainder when 6750 is divided by 252.
198
What is the remainder when 1499938 is divided by 1282?
1280
Calculate the remainder when 43284 is divided by 849.
834
What is the remainder when 1001953 is divided by 627?
7
What is the remainder when 2960 is divided by 297?
287
What is the remainder when 7311 is divided by 2228?
627
What is the remainder when 23469 is divided by 743?
436
What is the remainder when 17276 is divided by 144?
140
What is the remainder when 9866 is divided by 39?
38
Calculate the remainder when 18354 is divided by 18329.
25
What is the remainder when 160443 is divided by 561?
558
What is the remainder when 97916 is divided by 36?
32
What is the remainder when 499517 is divided by 160?
157
What is the remainder when 3830 is divided by 1236?
122
What is the remainder when 873 is divided by 102?
57
What is the remainder when 13397 is divided by 100?
97
Calculate the remainder when 3388 is divided by 3365.
23
What is the remainder when 60476 is divided by 70?
66
What is the remainder when 5289 is divided by 753?
18
What is the remainder when 75721 is divided by 721?
16
Calculate the remainder when 342695 is divided by 230.
225
What is the remainder when 36241 is divided by 68?
65
Calculate the remainder when 38733 is divided by 538.
535
What is the remainder when 205 is divided by 203?
2
What is the remainder when 71028 is divided by 17754?
12
What is the remainder when 7784 is divided by 972?
8
What is the remainder when 30660 is divided by 411?
246
What is the remainder when 358 is divided by 121?
116
What is the remainder when 3718169 is divided by 1758?
1757
What is the remainder when 8073 is divided by 5?
3
What is the remainder when 398971 is divided by 46?
13
Calculate the remainder when 1529 is divided by 480.
89
Calculate the remainder when 32734 